{"id":20,"date":"2016-10-18T20:55:58","date_gmt":"2016-10-18T18:55:58","guid":{"rendered":"http:\/\/lespetitspotes.org\/?page_id=20"},"modified":"2026-04-10T10:14:14","modified_gmt":"2026-04-10T08:14:14","slug":"horaires-tarifs","status":"publish","type":"page","link":"https:\/\/lespetitspotes.org\/index.php\/horaires-tarifs\/","title":{"rendered":"Horaires &#038; Tarifs"},"content":{"rendered":"<p><strong>LES HORAIRES :<\/strong><\/p>\n<ul>\n<li>le mercredi \u00e0 la journ\u00e9e sur la commune de Charn\u00e8cles de 7h45 \u00e0 18h15 (Pour les matins sans repas r\u00e9cup\u00e9ration \u00e0 12h00 et pour les matins avec repas, r\u00e9cup\u00e9ration \u00e0 13h30. Pour les apr\u00e8s midis avec repas arriv\u00e9e \u00e0 12h00 pour les apr\u00e8s midi sans repas, arriv\u00e9e \u00e0 13h30.)<\/li>\n<li>pendant les vacances scolaires, du lundi au vendredi, de 7h45 \u00e0 18h15 (Pour les matins sans repas r\u00e9cup\u00e9ration \u00e0 11h30 et pour les matins avec repas, r\u00e9cup\u00e9ration \u00e0 13h00. Pour les apr\u00e8s midis avec repas arriv\u00e9e \u00e0 11h30 pour les apr\u00e8s midi sans repas, arriv\u00e9e \u00e0 13h00.)<\/li>\n<\/ul>\n<p><strong>LES TARIFS 2026<br \/><\/strong><\/p>\n<p>Ils varient en fonction de votre commune de r\u00e9sidence et de vos revenus. Ainsi, les personnes habitant La Murette, St Cassien, St Blaise du Buis, R\u00e9aumont et Charn\u00e8cles ont un tarif au quotient familial avantageux gr\u00e2ce \u00e0 une convention sign\u00e9e avec ces communes.<\/p>\n<p>Pour les autres, un tarif modul\u00e9 de 30.60\u20ac ou 35.00\u20ac par jour est mis en place.<\/p>\n<p>Un tarification forfaitaire est appliqu\u00e9e pour les stages et les s\u00e9jours propos\u00e9s.<\/p>\n<p>La grille des tarifs en euros :<\/p>\n<table style=\"height: 320px;\" width=\"691\">\n<tbody>\n<tr>\n<td width=\"106\"><strong>\u00a0<\/strong><\/td>\n<td width=\"166\"><strong>Quotient familial<\/strong><\/td>\n<td style=\"text-align: center;\" width=\"153\"><strong>Demi-journ\u00e9e seule\u00a0<\/strong><\/td>\n<td style=\"text-align: center;\" width=\"151\"><strong>Demi-journ\u00e9e<br \/>+ repas<\/strong><\/td>\n<td style=\"text-align: center;\" width=\"161\"><strong>Journ\u00e9e compl\u00e8te<\/strong><\/td>\n<\/tr>\n<tr>\n<td rowspan=\"7\" width=\"106\">Tarif int\u00e9rieur<\/td>\n<td width=\"166\">0 \u2013 550<\/td>\n<td width=\"153\">\u00a0 \u00a0 \u00a0 \u00a0 \u00a0 \u00a0 3.50\u20ac<\/td>\n<td width=\"151\">\u00a0 \u00a0 \u00a0 \u00a0 \u00a0 \u00a0 \u00a0\u00a0 6.00\u20ac<\/td>\n<td width=\"161\">\u00a0 \u00a0 \u00a0 \u00a0 \u00a0 \u00a0 \u00a0 \u00a0 7.00\u20ac<\/td>\n<\/tr>\n<tr>\n<td width=\"166\">551 \u2013 700<\/td>\n<td width=\"153\">\u00a0 \u00a0 \u00a0 \u00a0 \u00a0 \u00a0 \u00a0 5.01\u20ac<\/td>\n<td width=\"151\">\u00a0 \u00a0 \u00a0 \u00a0 \u00a0 \u00a0 \u00a0 \u00a09.01\u20ac<\/td>\n<td width=\"161\">\u00a0 \u00a0 \u00a0 \u00a0 \u00a0 \u00a0 \u00a0 \u00a011.60\u20ac<\/td>\n<\/tr>\n<tr>\n<td width=\"166\">701 \u2013 900<\/td>\n<td width=\"153\">\u00a0 \u00a0 \u00a0 \u00a0 \u00a0 \u00a0 \u00a0 6.01\u20ac<\/td>\n<td width=\"151\">\u00a0 \u00a0 \u00a0 \u00a0 \u00a0 \u00a0 \u00a0 10.02\u20ac<\/td>\n<td width=\"161\">\u00a0 \u00a0 \u00a0 \u00a0 \u00a0 \u00a0 \u00a0 \u00a013.95\u20ac<\/td>\n<\/tr>\n<tr>\n<td width=\"166\">901 \u2013 1100<\/td>\n<td width=\"153\">\u00a0 \u00a0 \u00a0 \u00a0 \u00a0 \u00a0 \u00a0 7.01\u20ac<\/td>\n<td width=\"151\">\u00a0 \u00a0 \u00a0 \u00a0 \u00a0 \u00a0 \u00a0 11.02\u20ac<\/td>\n<td width=\"161\">\u00a0 \u00a0 \u00a0 \u00a0 \u00a0 \u00a0 \u00a0 \u00a016.30\u20ac<\/td>\n<\/tr>\n<tr>\n<td width=\"166\">1101 \u2013 1400<\/td>\n<td width=\"153\">\u00a0 \u00a0 \u00a0 \u00a0 \u00a0 \u00a0 \u00a0 8.01\u20ac<\/td>\n<td width=\"151\">\u00a0 \u00a0 \u00a0 \u00a0 \u00a0 \u00a0 \u00a0 12.01\u20ac<\/td>\n<td width=\"161\">\u00a0 \u00a0 \u00a0 \u00a0 \u00a0 \u00a0 \u00a0 \u00a017.00\u20ac<\/td>\n<\/tr>\n<tr>\n<td width=\"166\">1401 \u2013 2000<\/td>\n<td width=\"153\">\u00a0 \u00a0 \u00a0 \u00a0 \u00a0 \u00a0 \u00a0 9.01\u20ac<\/td>\n<td width=\"151\">\u00a0 \u00a0 \u00a0 \u00a0 \u00a0 \u00a0 \u00a0 13.02\u20ac<\/td>\n<td width=\"161\">\u00a0 \u00a0 \u00a0 \u00a0 \u00a0 \u00a0 \u00a0\u00a0 20.93\u20ac<\/td>\n<\/tr>\n<tr>\n<td width=\"166\">2001 et plus<\/td>\n<td width=\"153\">\u00a0 \u00a0 \u00a0 \u00a0 \u00a0 \u00a0 \u00a010.02\u20ac<\/td>\n<td width=\"151\">\u00a0 \u00a0 \u00a0 \u00a0 \u00a0 \u00a0 \u00a0 14.02\u20ac<\/td>\n<td width=\"161\">\u00a0 \u00a0 \u00a0 \u00a0 \u00a0 \u00a0 \u00a0 \u00a023.26\u20ac<\/td>\n<\/tr>\n<tr>\n<td rowspan=\"2\" width=\"106\"><span style=\"color: #0000ff;\">Tarif ext\u00e9rieur<\/span><\/td>\n<td width=\"166\"><span style=\"color: #0000ff;\">0 &#8211; 1400<\/span><\/td>\n<td width=\"153\"><span style=\"color: #0000ff;\">\u00a0 \u00a0 \u00a0 \u00a0 \u00a0 \u00a0 \u00a016.02\u20ac<\/span><\/td>\n<td width=\"151\"><span style=\"color: #0000ff;\">\u00a0 \u00a0 \u00a0 \u00a0 \u00a0 \u00a0 \u00a0 20.02\u20ac<\/span><\/td>\n<td width=\"161\"><span style=\"color: #0000ff;\">\u00a0 \u00a0 \u00a0 \u00a0 \u00a0 \u00a0 \u00a0 \u00a030.60\u20ac<\/span><\/td>\n<\/tr>\n<tr>\n<td width=\"166\"><span style=\"color: #0000ff;\">1401 et plus\u00a0<\/span><\/td>\n<td width=\"153\"><span style=\"color: #0000ff;\">\u00a0 \u00a0 \u00a0 \u00a0 \u00a0 \u00a0 \u00a019.12\u20ac<\/span><\/td>\n<td width=\"151\"><span style=\"color: #0000ff;\">\u00a0 \u00a0 \u00a0 \u00a0 \u00a0 \u00a0 \u00a0 23.13\u20ac<\/span><\/td>\n<td width=\"161\"><span style=\"color: #0000ff;\">\u00a0 \u00a0 \u00a0 \u00a0 \u00a0 \u00a0 \u00a0 \u00a035.00\u20ac<\/span><\/td>\n<\/tr>\n<\/tbody>\n<\/table>\n<p>+ l&rsquo;adh\u00e9sion \u00e0 l&rsquo;association de 25\u20ac par famille et par ann\u00e9e civile \u00e0 r\u00e9gler une fois par an.<\/p>\n<p><span style=\"color: #ff0000;\"><strong>\u00a0Un avoir de 10\u20ac sera fait en fin d\u2019ann\u00e9e pour les familles qui auront particip\u00e9 d\u2019une mani\u00e8re ou d\u2019une autre \u00e0 la vie associative.<\/strong><\/span><\/p>\n<p><span style=\"color: #ff0000;\"><strong>P<\/strong><\/span><span style=\"color: #ff0000;\"><strong>our aider et donner un peu de son temps contacter bureau@lespetitspotes.org.<\/strong><\/span><\/p>\n\n\n<figure class=\"wp-block-image size-large is-resized\"><img loading=\"lazy\" decoding=\"async\" width=\"722\" height=\"1024\" src=\"https:\/\/lespetitspotes.org\/wp-content\/uploads\/2025\/02\/FLYER-PRESENTATION-ASSO-722x1024.png\" alt=\"\" class=\"wp-image-1899\" style=\"width:840px;height:auto\" srcset=\"https:\/\/lespetitspotes.org\/wp-content\/uploads\/2025\/02\/FLYER-PRESENTATION-ASSO-722x1024.png 722w, https:\/\/lespetitspotes.org\/wp-content\/uploads\/2025\/02\/FLYER-PRESENTATION-ASSO-212x300.png 212w, https:\/\/lespetitspotes.org\/wp-content\/uploads\/2025\/02\/FLYER-PRESENTATION-ASSO-768x1089.png 768w, https:\/\/lespetitspotes.org\/wp-content\/uploads\/2025\/02\/FLYER-PRESENTATION-ASSO-1083x1536.png 1083w, https:\/\/lespetitspotes.org\/wp-content\/uploads\/2025\/02\/FLYER-PRESENTATION-ASSO-190x270.png 190w, https:\/\/lespetitspotes.org\/wp-content\/uploads\/2025\/02\/FLYER-PRESENTATION-ASSO.png 1410w\" sizes=\"auto, (max-width: 722px) 100vw, 722px\" \/><\/figure>\n\n\n\n<figure class=\"wp-block-image size-large is-resized\"><img loading=\"lazy\" decoding=\"async\" width=\"721\" height=\"1024\" src=\"https:\/\/lespetitspotes.org\/wp-content\/uploads\/2025\/02\/FLYER-PRESENTATION-ASSO-1-721x1024.png\" alt=\"\" class=\"wp-image-1900\" style=\"width:843px;height:auto\" srcset=\"https:\/\/lespetitspotes.org\/wp-content\/uploads\/2025\/02\/FLYER-PRESENTATION-ASSO-1-721x1024.png 721w, https:\/\/lespetitspotes.org\/wp-content\/uploads\/2025\/02\/FLYER-PRESENTATION-ASSO-1-211x300.png 211w, https:\/\/lespetitspotes.org\/wp-content\/uploads\/2025\/02\/FLYER-PRESENTATION-ASSO-1-768x1090.png 768w, https:\/\/lespetitspotes.org\/wp-content\/uploads\/2025\/02\/FLYER-PRESENTATION-ASSO-1-1082x1536.png 1082w, https:\/\/lespetitspotes.org\/wp-content\/uploads\/2025\/02\/FLYER-PRESENTATION-ASSO-1-190x270.png 190w, https:\/\/lespetitspotes.org\/wp-content\/uploads\/2025\/02\/FLYER-PRESENTATION-ASSO-1.png 1409w\" sizes=\"auto, (max-width: 721px) 100vw, 721px\" \/><\/figure>\n","protected":false},"excerpt":{"rendered":"<p>LES HORAIRES : le mercredi \u00e0 la journ\u00e9e sur la commune de Charn\u00e8cles de 7h45 \u00e0 18h15 (Pour les matins sans repas r\u00e9cup\u00e9ration \u00e0 12h00 et pour les matins avec repas, r\u00e9cup\u00e9ration \u00e0 13h30. Pour les apr\u00e8s midis avec repas arriv\u00e9e \u00e0 12h00 pour les apr\u00e8s midi sans repas, arriv\u00e9e \u00e0 13h30.) pendant les vacances scolaires, du lundi au vendredi, de 7h45 \u00e0 18h15 (Pour les matins sans repas r\u00e9cup\u00e9ration \u00e0 11h30 et pour les matins avec repas, r\u00e9cup\u00e9ration \u00e0&#8230;<\/p>\n<p class=\"read-more\"><a class=\"btn btn-default\" href=\"https:\/\/lespetitspotes.org\/index.php\/horaires-tarifs\/\">Lire la suite<span class=\"screen-reader-text\"> Lire la suite<\/span><\/a><\/p>\n","protected":false},"author":1,"featured_media":0,"parent":0,"menu_order":0,"comment_status":"closed","ping_status":"closed","template":"","meta":{"footnotes":""},"class_list":["post-20","page","type-page","status-publish","hentry"],"_links":{"self":[{"href":"https:\/\/lespetitspotes.org\/index.php\/wp-json\/wp\/v2\/pages\/20","targetHints":{"allow":["GET"]}}],"collection":[{"href":"https:\/\/lespetitspotes.org\/index.php\/wp-json\/wp\/v2\/pages"}],"about":[{"href":"https:\/\/lespetitspotes.org\/index.php\/wp-json\/wp\/v2\/types\/page"}],"author":[{"embeddable":true,"href":"https:\/\/lespetitspotes.org\/index.php\/wp-json\/wp\/v2\/users\/1"}],"replies":[{"embeddable":true,"href":"https:\/\/lespetitspotes.org\/index.php\/wp-json\/wp\/v2\/comments?post=20"}],"version-history":[{"count":30,"href":"https:\/\/lespetitspotes.org\/index.php\/wp-json\/wp\/v2\/pages\/20\/revisions"}],"predecessor-version":[{"id":2197,"href":"https:\/\/lespetitspotes.org\/index.php\/wp-json\/wp\/v2\/pages\/20\/revisions\/2197"}],"wp:attachment":[{"href":"https:\/\/lespetitspotes.org\/index.php\/wp-json\/wp\/v2\/media?parent=20"}],"curies":[{"name":"wp","href":"https:\/\/api.w.org\/{rel}","templated":true}]}}

<p><strong>LES HORAIRES :</strong></p>
<ul>
<li>le mercredi à la journée sur la commune de Charnècles de 7h45 à 18h15 (Pour les matins sans repas récupération à 12h00 et pour les matins avec repas, récupération à 13h30. Pour les après midis avec repas arrivée à 12h00 pour les après midi sans repas, arrivée à 13h30.)</li>
<li>pendant les vacances scolaires, du lundi au vendredi, de 7h45 à 18h15 (Pour les matins sans repas récupération à 11h30 et pour les matins avec repas, récupération à 13h00. Pour les après midis avec repas arrivée à 11h30 pour les après midi sans repas, arrivée à 13h00.)</li>
</ul>
<p><strong>LES TARIFS 2026<br /></strong></p>
<p>Ils varient en fonction de votre commune de résidence et de vos revenus. Ainsi, les personnes habitant La Murette, St Cassien, St Blaise du Buis, Réaumont et Charnècles ont un tarif au quotient familial avantageux grâce à une convention signée avec ces communes.</p>
<p>Pour les autres, un tarif modulé de 30.60€ ou 35.00€ par jour est mis en place.</p>
<p>Un tarification forfaitaire est appliquée pour les stages et les séjours proposés.</p>
<p>La grille des tarifs en euros :</p>
<table style="height: 320px;" width="691">
<tbody>
<tr>
<td width="106"><strong> </strong></td>
<td width="166"><strong>Quotient familial</strong></td>
<td style="text-align: center;" width="153"><strong>Demi-journée seule </strong></td>
<td style="text-align: center;" width="151"><strong>Demi-journée<br />+ repas</strong></td>
<td style="text-align: center;" width="161"><strong>Journée complète</strong></td>
</tr>
<tr>
<td rowspan="7" width="106">Tarif intérieur</td>
<td width="166">0 – 550</td>
<td width="153">            3.50€</td>
<td width="151">               6.00€</td>
<td width="161">                7.00€</td>
</tr>
<tr>
<td width="166">551 – 700</td>
<td width="153">              5.01€</td>
<td width="151">               9.01€</td>
<td width="161">               11.60€</td>
</tr>
<tr>
<td width="166">701 – 900</td>
<td width="153">              6.01€</td>
<td width="151">              10.02€</td>
<td width="161">               13.95€</td>
</tr>
<tr>
<td width="166">901 – 1100</td>
<td width="153">              7.01€</td>
<td width="151">              11.02€</td>
<td width="161">               16.30€</td>
</tr>
<tr>
<td width="166">1101 – 1400</td>
<td width="153">              8.01€</td>
<td width="151">              12.01€</td>
<td width="161">               17.00€</td>
</tr>
<tr>
<td width="166">1401 – 2000</td>
<td width="153">              9.01€</td>
<td width="151">              13.02€</td>
<td width="161">               20.93€</td>
</tr>
<tr>
<td width="166">2001 et plus</td>
<td width="153">             10.02€</td>
<td width="151">              14.02€</td>
<td width="161">               23.26€</td>
</tr>
<tr>
<td rowspan="2" width="106"><span style="color: #0000ff;">Tarif extérieur</span></td>
<td width="166"><span style="color: #0000ff;">0 &#8211; 1400</span></td>
<td width="153"><span style="color: #0000ff;">             16.02€</span></td>
<td width="151"><span style="color: #0000ff;">              20.02€</span></td>
<td width="161"><span style="color: #0000ff;">               30.60€</span></td>
</tr>
<tr>
<td width="166"><span style="color: #0000ff;">1401 et plus </span></td>
<td width="153"><span style="color: #0000ff;">             19.12€</span></td>
<td width="151"><span style="color: #0000ff;">              23.13€</span></td>
<td width="161"><span style="color: #0000ff;">               35.00€</span></td>
</tr>
</tbody>
</table>
<p>+ l&rsquo;adhésion à l&rsquo;association de 25€ par famille et par année civile à régler une fois par an.</p>
<p><span style="color: #ff0000;"><strong> Un avoir de 10€ sera fait en fin d’année pour les familles qui auront participé d’une manière ou d’une autre à la vie associative.</strong></span></p>
<p><span style="color: #ff0000;"><strong>P</strong></span><span style="color: #ff0000;"><strong>our aider et donner un peu de son temps contacter bureau@lespetitspotes.org.</strong></span></p>


<figure class="wp-block-image size-large is-resized"><img loading="lazy" decoding="async" width="722" height="1024" src="https://lespetitspotes.org/wp-content/uploads/2025/02/FLYER-PRESENTATION-ASSO-722x1024.png" alt="" class="wp-image-1899" style="width:840px;height:auto" srcset="https://lespetitspotes.org/wp-content/uploads/2025/02/FLYER-PRESENTATION-ASSO-722x1024.png 722w, https://lespetitspotes.org/wp-content/uploads/2025/02/FLYER-PRESENTATION-ASSO-212x300.png 212w, https://lespetitspotes.org/wp-content/uploads/2025/02/FLYER-PRESENTATION-ASSO-768x1089.png 768w, https://lespetitspotes.org/wp-content/uploads/2025/02/FLYER-PRESENTATION-ASSO-1083x1536.png 1083w, https://lespetitspotes.org/wp-content/uploads/2025/02/FLYER-PRESENTATION-ASSO-190x270.png 190w, https://lespetitspotes.org/wp-content/uploads/2025/02/FLYER-PRESENTATION-ASSO.png 1410w" sizes="auto, (max-width: 722px) 100vw, 722px" /></figure>



<figure class="wp-block-image size-large is-resized"><img loading="lazy" decoding="async" width="721" height="1024" src="https://lespetitspotes.org/wp-content/uploads/2025/02/FLYER-PRESENTATION-ASSO-1-721x1024.png" alt="" class="wp-image-1900" style="width:843px;height:auto" srcset="https://lespetitspotes.org/wp-content/uploads/2025/02/FLYER-PRESENTATION-ASSO-1-721x1024.png 721w, https://lespetitspotes.org/wp-content/uploads/2025/02/FLYER-PRESENTATION-ASSO-1-211x300.png 211w, https://lespetitspotes.org/wp-content/uploads/2025/02/FLYER-PRESENTATION-ASSO-1-768x1090.png 768w, https://lespetitspotes.org/wp-content/uploads/2025/02/FLYER-PRESENTATION-ASSO-1-1082x1536.png 1082w, https://lespetitspotes.org/wp-content/uploads/2025/02/FLYER-PRESENTATION-ASSO-1-190x270.png 190w, https://lespetitspotes.org/wp-content/uploads/2025/02/FLYER-PRESENTATION-ASSO-1.png 1409w" sizes="auto, (max-width: 721px) 100vw, 721px" /></figure>

<p>LES HORAIRES : le mercredi à la journée sur la commune de Charnècles de 7h45 à 18h15 (Pour les matins sans repas récupération à 12h00 et pour les matins avec repas, récupération à 13h30. Pour les après midis avec repas arrivée à 12h00 pour les après midi sans repas, arrivée à 13h30.) pendant les vacances scolaires, du lundi au vendredi, de 7h45 à 18h15 (Pour les matins sans repas récupération à 11h30 et pour les matins avec repas, récupération à&#8230;</p>
<p class="read-more"><a class="btn btn-default" href="https://lespetitspotes.org/index.php/horaires-tarifs/">Lire la suite<span class="screen-reader-text"> Lire la suite</span></a></p>
