{"id":60,"date":"2016-11-21T22:56:29","date_gmt":"2016-11-21T21:56:29","guid":{"rendered":"http:\/\/lespetitspotes.org\/?page_id=60"},"modified":"2026-05-04T12:28:07","modified_gmt":"2026-05-04T10:28:07","slug":"bienvenue","status":"publish","type":"page","link":"https:\/\/lespetitspotes.org\/","title":{"rendered":"Bienvenue !"},"content":{"rendered":"\n<p class=\"has-text-align-left\"><strong><mark style=\"background-color:rgba(0, 0, 0, 0)\" class=\"has-inline-color has-vivid-red-color\">ACTUALIT\u00c9S 2026<\/mark><\/strong><\/p>\n\n\n\n<p class=\"has-text-align-left\"><mark style=\"background-color:rgba(0, 0, 0, 0)\" class=\"has-inline-color has-vivid-red-color\"><strong>NOUVELLES CONDITIONS G\u00c9N\u00c9RALES D&rsquo;INSCRIPTIONS ET R\u00c8GLEMENT INT\u00c9RIEUR 2026<\/strong> <strong>SONT EN LIGNE !<\/strong><\/mark><\/p>\n\n\n\n<details class=\"wp-block-details\"><summary><mark style=\"background-color:rgba(0, 0, 0, 0)\" class=\"has-inline-color has-vivid-red-color is-layout-flow wp-block-details-is-layout-flow\">&lt;&#8211; Cliquer pour visualiser le nouveau \u00ab\u00a0R\u00e8glement Int\u00e9rieur 2026\u00a0\u00bb<\/mark><\/summary>\n<div data-wp-interactive=\"core\/file\" class=\"wp-block-file\"><object data-wp-bind--hidden=\"!state.hasPdfPreview\" hidden class=\"wp-block-file__embed\" data=\"https:\/\/lespetitspotes.org\/wp-content\/uploads\/2026\/04\/2026-Reglement-Interieur-.pdf\" type=\"application\/pdf\" style=\"width:100%;height:600px\" aria-label=\"Contenu embarqu\u00e9 2026 - R\u00e8glement Int\u00e9rieur.\"><\/object><a id=\"wp-block-file--media-d4f840bd-16d2-4610-b655-56804e4ef94b\" href=\"https:\/\/lespetitspotes.org\/wp-content\/uploads\/2026\/04\/2026-Reglement-Interieur-.pdf\">2026 &#8211; R\u00e8glement Int\u00e9rieur<\/a><a href=\"https:\/\/lespetitspotes.org\/wp-content\/uploads\/2026\/04\/2026-Reglement-Interieur-.pdf\" class=\"wp-block-file__button wp-element-button\" download aria-describedby=\"wp-block-file--media-d4f840bd-16d2-4610-b655-56804e4ef94b\">T\u00e9l\u00e9charger<\/a><\/div>\n<\/details>\n\n\n\n<details class=\"wp-block-details\"><summary><mark style=\"background-color:rgba(0, 0, 0, 0)\" class=\"has-inline-color has-vivid-red-color is-layout-flow wp-block-details-is-layout-flow\">&lt;&#8211; Cliquer pour visualiser les nouvelles \u00ab\u00a0Conditions G\u00e9n\u00e9rales d&rsquo;Inscriptions 2026\u00a0\u00bb<\/mark><\/summary>\n<div class=\"wp-block-columns is-layout-flex wp-container-core-columns-is-layout-9d6595d7 wp-block-columns-is-layout-flex\">\n<div class=\"wp-block-column is-layout-flow wp-block-column-is-layout-flow\" style=\"flex-basis:100%\">\n<div data-wp-interactive=\"core\/file\" class=\"wp-block-file\"><object data-wp-bind--hidden=\"!state.hasPdfPreview\" hidden class=\"wp-block-file__embed\" data=\"https:\/\/lespetitspotes.org\/wp-content\/uploads\/2026\/04\/2026-CGI-derniere-version-_compressed.pdf\" type=\"application\/pdf\" style=\"width:100%;height:600px\" aria-label=\"Contenu embarqu\u00e9 2026 - CGI derniere version _compressed.\"><\/object><a id=\"wp-block-file--media-c40baba6-c5df-46cd-b586-9136cb707770\" href=\"https:\/\/lespetitspotes.org\/wp-content\/uploads\/2026\/04\/2026-CGI-derniere-version-_compressed.pdf\">2026 &#8211; CGI derniere version _compressed<\/a><a href=\"https:\/\/lespetitspotes.org\/wp-content\/uploads\/2026\/04\/2026-CGI-derniere-version-_compressed.pdf\" class=\"wp-block-file__button wp-element-button\" download aria-describedby=\"wp-block-file--media-c40baba6-c5df-46cd-b586-9136cb707770\">T\u00e9l\u00e9charger<\/a><\/div>\n<\/div>\n<\/div>\n<\/details>\n\n\n\n<p><\/p>\n\n\n\n<p><strong><mark style=\"background-color:rgba(0, 0, 0, 0)\" class=\"has-inline-color has-vivid-cyan-blue-color\">LES DATES \u00c0 VENIR :<\/mark><\/strong><\/p>\n\n\n\n<p><\/p>\n\n\n\n<ul class=\"wp-block-list\">\n<li><mark style=\"background-color:rgba(0, 0, 0, 0)\" class=\"has-inline-color has-vivid-cyan-blue-color\">Inscriptions \u00e9t\u00e9 2026 (Fermeture du 1er au 16 aout):<\/mark>\n<ul class=\"wp-block-list\">\n<li><mark style=\"background-color:rgba(0, 0, 0, 0)\" class=\"has-inline-color has-vivid-cyan-blue-color\">A la semaine compl\u00e8te : Mardi 26 mai \u00e0 18h00 (3 jours de priorit\u00e9s aux communes partenaires* du 26 au 28 mai)<\/mark><\/li>\n\n\n\n<li><mark style=\"background-color:rgba(0, 0, 0, 0)\" class=\"has-inline-color has-vivid-cyan-blue-color\">A la carte : Mercredis 2 juin 18h00 (3 jours de priorit\u00e9s aux communes partenaires* du 2 au 4 juin)<\/mark><\/li>\n<\/ul>\n<\/li>\n<\/ul>\n\n\n\n<p><mark style=\"background-color:rgba(0, 0, 0, 0)\" class=\"has-inline-color has-vivid-cyan-blue-color\">*Charn\u00e8cles, Saint-Cassien, R\u00e9aumont, La Murette, Saint-Blaise-du-buis<\/mark><\/p>\n\n\n\n<p><\/p>\n\n\n\n<p><\/p>\n\n\n\n<div class=\"wp-block-group is-vertical is-content-justification-center is-layout-flex wp-container-core-group-is-layout-48c2c4f0 wp-block-group-is-layout-flex\">\n<p class=\"has-text-align-center\"><mark style=\"background-color:rgba(0, 0, 0, 0)\" class=\"has-inline-color has-luminous-vivid-orange-color\"><strong>LES THEMES DE L&rsquo;ANNEE POUR LES MERCREDIS SONT EN LIGNE !!<\/strong><\/mark><\/p>\n\n\n\n<p class=\"has-text-align-center\"><strong><mark style=\"background-color:rgba(0, 0, 0, 0)\" class=\"has-inline-color has-luminous-vivid-orange-color\">RENDEZ-VOUS DANS L&rsquo;ONGLET \u00ab\u00a0PROGRAMMES\u00a0\u00bb POUR EN SAVOIR PLUS !!!<\/mark><\/strong><\/p>\n\n\n\n<p><mark style=\"background-color:rgba(0, 0, 0, 0)\" class=\"has-inline-color has-luminous-vivid-orange-color\">Le tableau des places disponibles est en ligne sur votre portail famille, dans vos actualit\u00e9s<\/mark><br><br><\/p>\n<\/div>\n\n\n\n<p><strong><mark style=\"background-color:rgba(0, 0, 0, 0)\" class=\"has-inline-color has-vivid-green-cyan-color\">LIVRET D&rsquo;ACTIVITE PETITS POTES RENTREE 2025<\/mark><\/strong><\/p>\n\n\n\n<p class=\"has-text-align-center\"><mark style=\"background-color:rgba(0, 0, 0, 0)\" class=\"has-inline-color has-vivid-green-cyan-color\"><strong>Cette ann\u00e9e, les petits potes te propose un petits livret d&rsquo;activit\u00e9s 3-12 ans a emporter partout en voyage. Coloriage, activit\u00e9s manuelles, jeux, tout y est pour te faire passer un bon moment d\u00e9tente !<\/strong><\/mark><\/p>\n\n\n\n<div data-wp-interactive=\"core\/file\" class=\"wp-block-file\"><object data-wp-bind--hidden=\"!state.hasPdfPreview\" hidden class=\"wp-block-file__embed\" data=\"https:\/\/lespetitspotes.org\/wp-content\/uploads\/2025\/09\/Livret-dactivites.pdf\" type=\"application\/pdf\" style=\"width:100%;height:600px\" aria-label=\"Contenu embarqu\u00e9 Livret-dactivites.\"><\/object><a id=\"wp-block-file--media-f3163127-741d-4f33-9453-c84df9bcca48\" href=\"https:\/\/lespetitspotes.org\/wp-content\/uploads\/2025\/09\/Livret-dactivites.pdf\">Livret-dactivites<\/a><a href=\"https:\/\/lespetitspotes.org\/wp-content\/uploads\/2025\/09\/Livret-dactivites.pdf\" class=\"wp-block-file__button wp-element-button\" download aria-describedby=\"wp-block-file--media-f3163127-741d-4f33-9453-c84df9bcca48\">T\u00e9l\u00e9charger<\/a><\/div>\n\n\n\n<p class=\"has-text-align-center\"><mark style=\"background-color:rgba(0, 0, 0, 0)\" class=\"has-inline-color has-vivid-green-cyan-color\">Disponible \u00e0 la ventre via Hello Asso tr\u00e8s bient\u00f4t !<\/mark><\/p>\n\n\n\n<p><\/p>\n\n\n\n<figure class=\"wp-block-image size-large\"><img loading=\"lazy\" decoding=\"async\" width=\"722\" height=\"1024\" src=\"https:\/\/lespetitspotes.org\/wp-content\/uploads\/2025\/02\/FLYER-PRESENTATION-ASSO-722x1024.png\" alt=\"\" class=\"wp-image-1899\" srcset=\"https:\/\/lespetitspotes.org\/wp-content\/uploads\/2025\/02\/FLYER-PRESENTATION-ASSO-722x1024.png 722w, https:\/\/lespetitspotes.org\/wp-content\/uploads\/2025\/02\/FLYER-PRESENTATION-ASSO-212x300.png 212w, https:\/\/lespetitspotes.org\/wp-content\/uploads\/2025\/02\/FLYER-PRESENTATION-ASSO-768x1089.png 768w, https:\/\/lespetitspotes.org\/wp-content\/uploads\/2025\/02\/FLYER-PRESENTATION-ASSO-1083x1536.png 1083w, https:\/\/lespetitspotes.org\/wp-content\/uploads\/2025\/02\/FLYER-PRESENTATION-ASSO-190x270.png 190w, https:\/\/lespetitspotes.org\/wp-content\/uploads\/2025\/02\/FLYER-PRESENTATION-ASSO.png 1410w\" sizes=\"auto, (max-width: 722px) 100vw, 722px\" \/><\/figure>\n\n\n\n<figure class=\"wp-block-image size-large\"><img loading=\"lazy\" decoding=\"async\" width=\"721\" height=\"1024\" src=\"https:\/\/lespetitspotes.org\/wp-content\/uploads\/2025\/02\/FLYER-PRESENTATION-ASSO-1-721x1024.png\" alt=\"\" class=\"wp-image-1900\" srcset=\"https:\/\/lespetitspotes.org\/wp-content\/uploads\/2025\/02\/FLYER-PRESENTATION-ASSO-1-721x1024.png 721w, https:\/\/lespetitspotes.org\/wp-content\/uploads\/2025\/02\/FLYER-PRESENTATION-ASSO-1-211x300.png 211w, https:\/\/lespetitspotes.org\/wp-content\/uploads\/2025\/02\/FLYER-PRESENTATION-ASSO-1-768x1090.png 768w, https:\/\/lespetitspotes.org\/wp-content\/uploads\/2025\/02\/FLYER-PRESENTATION-ASSO-1-1082x1536.png 1082w, https:\/\/lespetitspotes.org\/wp-content\/uploads\/2025\/02\/FLYER-PRESENTATION-ASSO-1-190x270.png 190w, https:\/\/lespetitspotes.org\/wp-content\/uploads\/2025\/02\/FLYER-PRESENTATION-ASSO-1.png 1409w\" sizes=\"auto, (max-width: 721px) 100vw, 721px\" \/><\/figure>\n\n\n\n<p><\/p>\n\n\n\n<p class=\"has-text-align-center\">Restez connect\u00e9s  !<\/p>\n\n\n<div class=\"wp-block-image\">\n<figure class=\"aligncenter size-full\"><img loading=\"lazy\" decoding=\"async\" width=\"612\" height=\"408\" src=\"https:\/\/lespetitspotes.org\/wp-content\/uploads\/2024\/03\/istockphoto-183412466-612x612-1.jpg\" alt=\"\" class=\"wp-image-1783\" srcset=\"https:\/\/lespetitspotes.org\/wp-content\/uploads\/2024\/03\/istockphoto-183412466-612x612-1.jpg 612w, https:\/\/lespetitspotes.org\/wp-content\/uploads\/2024\/03\/istockphoto-183412466-612x612-1-300x200.jpg 300w, https:\/\/lespetitspotes.org\/wp-content\/uploads\/2024\/03\/istockphoto-183412466-612x612-1-405x270.jpg 405w\" sizes=\"auto, (max-width: 612px) 100vw, 612px\" \/><\/figure>\n<\/div>\n\n\n<p>Nos nouvelles conditions g\u00e9n\u00e9rales d&rsquo;inscriptions 2025 ainsi que les nouveaux tarifs 2025 sont disponibles sur notre site.<\/p>\n\n\n\n<p>Notre nouveau r\u00e8glement int\u00e9rieur 2025 est disponible sur notre site.<\/p>\n\n\n\n<p>Nous vous rappelons que votre dossier doit \u00eatre mis \u00e0 jour avant la demande d&rsquo;inscription. Le quotient familial doit \u00eatre actualis\u00e9 tous les 3 mois. <\/p>\n\n\n\n<p>Validation des demandes par ordre d&rsquo;arriv\u00e9e. Pour l&rsquo;accueil de loisirs, une semaine r\u00e9serv\u00e9e aux inscriptions semaines compl\u00e8tes, une semaine pour les autres demandes. Annulation possible seulement pour les demandes semaines non compl\u00e8tes valid\u00e9es partiellement et sous condition. VOIR rubrique inscriptions.<\/p>\n\n\n\n<p><\/p>\n\n\n<div class=\"c\">\n<div class=\"uit_cttxt uit_cttxt_m uit_transitional\">\n<p><strong>Pr\u00e9sentation<\/strong> :\u00a0<\/p>\n<p>Situ\u00e9e sur la commune de La Murette et partenaire des communes du c\u0153urs vert (St-Cassien, R\u00e9aumont, St-Blaise-du-Buis et Charn\u00e8cles) l&rsquo;association <strong>Les Petits Potes<\/strong> propose un accueil de loisirs pour les enfants de 3 \u00e0 12 ans. Depuis Mars 2024, un groupe est ouvert aux plus grands 12-17 ans pour les accompagner dans la r\u00e9alisation de leurs projets de loisirs, culturelles, artistiques&#8230; Ado&rsquo;sph\u00e8re, cette ann\u00e9e 2024, l&rsquo;accueil jeune change de format, nous vous tiendrons inform\u00e9 d\u00e8s qu&rsquo;il rouvrira ses portes.<\/p>\n<p><strong>L&rsquo;accueil se r\u00e9alise \u00e0 diff\u00e9rents endroits :<\/strong><\/p>\n<p><strong>Les mercredis scolaires en journ\u00e9e compl\u00e8te :\u00a0<\/strong><\/p>\n<p>Salles communales de Charn\u00e8cles, pr\u00e8s de la mairie et de l&rsquo;\u00e9cole.<\/p>\n<p><strong>Les petites vacances scolaires :<\/strong><\/p>\n<p>Locaux de L&rsquo;\u00e9cole de La Murette.<\/p>\n<p><strong>L&rsquo;\u00e9t\u00e9 :<\/strong><\/p>\n<p>Locaux de l&rsquo;\u00e9cole de St-Cassien.<\/p>\n<p>Notre \u00e9quipe d\u00b4animation accueille vos enfants dans une ambiance chaleureuse, dynamique et familiale !<\/p>\n<p>Retrouvez sur ce site toutes les informations et les documents utiles pour l&rsquo;inscription de vos enfants.<\/p>\n<\/div>\n<\/div>\n<div class=\"c\">\n<div class=\"uit_cttxt uit_cttxt_m uit_transitional\">\n<p>Tr\u00e8s bonne visite !<\/p>\n<\/div>\n<\/div>\n<div class=\"c\">\n<div class=\"uit_cttxt uit_cttxt_m uit_transitional\">\n<p><img loading=\"lazy\" decoding=\"async\" class=\"wp-image-76 size-large aligncenter\" src=\"https:\/\/lespetitspotes.org\/wp-content\/uploads\/2016\/11\/20151030_112625-1024x614.jpg\" alt=\"20151030_112625\" width=\"640\" height=\"384\" srcset=\"https:\/\/lespetitspotes.org\/wp-content\/uploads\/2016\/11\/20151030_112625-1024x614.jpg 1024w, https:\/\/lespetitspotes.org\/wp-content\/uploads\/2016\/11\/20151030_112625-300x180.jpg 300w, https:\/\/lespetitspotes.org\/wp-content\/uploads\/2016\/11\/20151030_112625-768x461.jpg 768w, https:\/\/lespetitspotes.org\/wp-content\/uploads\/2016\/11\/20151030_112625-450x270.jpg 450w\" sizes=\"auto, (max-width: 640px) 100vw, 640px\" \/><\/p>\n<\/div>\n<\/div>\n\n\n<p class=\"has-text-align-center\"><\/p>\n\n\n\n<p><\/p>\n","protected":false},"excerpt":{"rendered":"<p>ACTUALIT\u00c9S 2026 NOUVELLES CONDITIONS G\u00c9N\u00c9RALES D&rsquo;INSCRIPTIONS ET R\u00c8GLEMENT INT\u00c9RIEUR 2026 SONT EN LIGNE ! LES DATES \u00c0 VENIR : *Charn\u00e8cles, Saint-Cassien, R\u00e9aumont, La Murette, Saint-Blaise-du-buis LES THEMES DE L&rsquo;ANNEE POUR LES MERCREDIS SONT EN LIGNE !! RENDEZ-VOUS DANS L&rsquo;ONGLET \u00ab\u00a0PROGRAMMES\u00a0\u00bb POUR EN SAVOIR PLUS !!! Le tableau des places disponibles est en ligne sur votre portail famille, dans vos actualit\u00e9s LIVRET D&rsquo;ACTIVITE PETITS POTES RENTREE 2025 Cette ann\u00e9e, les petits potes te propose un petits livret d&rsquo;activit\u00e9s 3-12 ans a&#8230;<\/p>\n<p class=\"read-more\"><a class=\"btn btn-default\" href=\"https:\/\/lespetitspotes.org\/\">Lire la suite<span class=\"screen-reader-text\"> Lire la suite<\/span><\/a><\/p>\n","protected":false},"author":2,"featured_media":0,"parent":0,"menu_order":0,"comment_status":"closed","ping_status":"closed","template":"","meta":{"footnotes":""},"class_list":["post-60","page","type-page","status-publish","hentry"],"_links":{"self":[{"href":"https:\/\/lespetitspotes.org\/index.php\/wp-json\/wp\/v2\/pages\/60","targetHints":{"allow":["GET"]}}],"collection":[{"href":"https:\/\/lespetitspotes.org\/index.php\/wp-json\/wp\/v2\/pages"}],"about":[{"href":"https:\/\/lespetitspotes.org\/index.php\/wp-json\/wp\/v2\/types\/page"}],"author":[{"embeddable":true,"href":"https:\/\/lespetitspotes.org\/index.php\/wp-json\/wp\/v2\/users\/2"}],"replies":[{"embeddable":true,"href":"https:\/\/lespetitspotes.org\/index.php\/wp-json\/wp\/v2\/comments?post=60"}],"version-history":[{"count":79,"href":"https:\/\/lespetitspotes.org\/index.php\/wp-json\/wp\/v2\/pages\/60\/revisions"}],"predecessor-version":[{"id":2232,"href":"https:\/\/lespetitspotes.org\/index.php\/wp-json\/wp\/v2\/pages\/60\/revisions\/2232"}],"wp:attachment":[{"href":"https:\/\/lespetitspotes.org\/index.php\/wp-json\/wp\/v2\/media?parent=60"}],"curies":[{"name":"wp","href":"https:\/\/api.w.org\/{rel}","templated":true}]}}